{"id":1303,"date":"2017-04-11T09:57:14","date_gmt":"2017-04-11T07:57:14","guid":{"rendered":"http:\/\/studiomaximov.co.rs\/testpit\/tvt2017\/?page_id=1303"},"modified":"2018-06-25T08:59:44","modified_gmt":"2018-06-25T06:59:44","slug":"karijera","status":"publish","type":"page","link":"https:\/\/termoventsc.rs\/srpski\/karijera\/","title":{"rendered":"Karijera"},"content":{"rendered":"<p>[et_pb_section bb_built=&#8220;1&#8243; fullwidth=&#8220;on&#8220; specialty=&#8220;off&#8220; next_background_color=&#8220;#000000&#8243;][et_pb_fullwidth_header title=&#8220;Karijera&#8220; subhead=&#8220;Aktivni konkursi i op\u0161ta prijava na bazu kandidata&#8220; background_layout=&#8220;dark&#8220; text_orientation=&#8220;left&#8220; header_fullscreen=&#8220;off&#8220; header_scroll_down=&#8220;off&#8220; background_url=&#8220;https:\/\/termoventsc.rs\/srpski\/wp-content\/uploads\/2017\/04\/DSC_9488-e1491898352482.jpg&#8220; content_orientation=&#8220;center&#8220; image_orientation=&#8220;center&#8220; custom_button_one=&#8220;off&#8220; button_one_letter_spacing=&#8220;0&#8243; button_one_icon_placement=&#8220;right&#8220; button_one_letter_spacing_hover=&#8220;0&#8243; custom_button_two=&#8220;off&#8220; button_two_letter_spacing=&#8220;0&#8243; button_two_icon_placement=&#8220;right&#8220; button_two_letter_spacing_hover=&#8220;0&#8243; background_overlay_color=&#8220;rgba(0,48,99,0.5)&#8220; background_image=&#8220;https:\/\/termoventsc.rs\/srpski\/wp-content\/uploads\/2017\/04\/DSC_9488-e1491898352482.jpg&#8220; _builder_version=&#8220;3.0.69&#8243; content_max_width=&#8220;100%&#8220; background_color=&#8220;rgba(255, 255, 255, 0)&#8220; \/][\/et_pb_section][et_pb_section bb_built=&#8220;1&#8243; admin_label=&#8220;section&#8220; prev_background_color=&#8220;#000000&#8243;][et_pb_row background_position=&#8220;top_left&#8220; background_repeat=&#8220;repeat&#8220; background_size=&#8220;initial&#8220;][et_pb_column type=&#8220;4_4&#8243;][et_pb_text background_layout=&#8220;light&#8220; text_orientation=&#8220;left&#8220; use_border_color=&#8220;off&#8220; border_color=&#8220;#ffffff&#8220; border_style=&#8220;solid&#8220; background_position=&#8220;top_left&#8220; background_repeat=&#8220;repeat&#8220; background_size=&#8220;initial&#8220;]<\/p>\n<p>Termovent SC je kompanija sa savremenim pristupom poslovanju koja posebnu pa\u017enju poklanja zaposlenima, najva\u017enijem \u010diniocu uspeha i ste\u010denog statusa vode\u0107eg regionalnog proizvo\u0111a\u010da industrijskih ventila u procesnoj industriji i termoenergetici.<\/p>\n<p>Kod nas, princip jednakih mogu\u0107nosti dosledno se po\u0161tuje prilikom zapo\u0161ljavanja, uz garanciju da su klju\u010dni faktori pri izboru kandidata i razvoju zaposlenih njihov profesionalizam, iskustvo i znanje.<\/p>\n<p>Termovent SC upravljanju ljudskim resursima, kao jednom od najva\u017enijih \u010dinilaca, posve\u0107uje posebnu pa\u017enju.<\/p>\n<p>[\/et_pb_text][\/et_pb_column][\/et_pb_row][et_pb_row background_position=&#8220;top_left&#8220; background_repeat=&#8220;repeat&#8220; background_size=&#8220;initial&#8220;][et_pb_column type=&#8220;4_4&#8243;][et_pb_text background_layout=&#8220;light&#8220; text_orientation=&#8220;left&#8220; border_style=&#8220;solid&#8220; background_position=&#8220;top_left&#8220; background_repeat=&#8220;repeat&#8220; background_size=&#8220;initial&#8220; _builder_version=&#8220;3.0.69&#8243;]<\/p>\n<h2>Aktivni konkursi<\/h2>\n<p>[\/et_pb_text][et_pb_blog _builder_version=&#8220;3.0.69&#8243; include_categories=&#8220;27&#8243; show_content=&#8220;off&#8220; offset_number=&#8220;0&#8243; show_thumbnail=&#8220;off&#8220; show_more=&#8220;on&#8220; show_author=&#8220;off&#8220; show_date=&#8220;on&#8220; show_categories=&#8220;on&#8220; show_comments=&#8220;off&#8220; show_pagination=&#8220;off&#8220; fullwidth=&#8220;on&#8220; use_dropshadow=&#8220;off&#8220; use_overlay=&#8220;off&#8220; background_layout=&#8220;light&#8220; border_style=&#8220;solid&#8220; header_text_color=&#8220;#003063&#8243; meta_date=&#8220;j. M. Y.&#8220; header_font_size=&#8220;17&#8243; box_shadow_color=&#8220;rgba(0,0,0,0.3)&#8220; box_shadow_style=&#8220;none&#8220; \/][\/et_pb_column][\/et_pb_row][et_pb_row admin_label=&#8220;row&#8220; background_position=&#8220;top_left&#8220; background_repeat=&#8220;repeat&#8220; background_size=&#8220;initial&#8220;][et_pb_column type=&#8220;1_4&#8243;][et_pb_text background_layout=&#8220;light&#8220; text_orientation=&#8220;left&#8220; use_border_color=&#8220;off&#8220; border_color=&#8220;#ffffff&#8220; border_style=&#8220;solid&#8220; background_position=&#8220;top_left&#8220; background_repeat=&#8220;repeat&#8220; background_size=&#8220;initial&#8220;]<\/p>\n<h4>Prijava na bazu kandidata u\u00a0Termovent SC<\/h4>\n<p>Prijavite se na na\u0161u bazu kandidata ovom op\u0161tom prjavom za posao:<\/p>\n<p>[\/et_pb_text][\/et_pb_column][et_pb_column type=&#8220;3_4&#8243;][et_pb_contact_form captcha=&#8220;off&#8220; email=&#8220;office@termoventsc.rs&#8220; title=&#8220;Op\u0161ta prijava za posao&#8220; use_border_color=&#8220;off&#8220; border_radii=&#8220;on|0px|0px|0px|0px&#8220; _builder_version=&#8220;3.8&#8243;][et_pb_contact_field field_title=&#8220;Ime&#8220; field_type=&#8220;input&#8220; field_id=&#8220;Name&#8220; required_mark=&#8220;on&#8220; fullwidth_field=&#8220;off&#8220; form_field_font_select=&#8220;default&#8220; form_field_font=&#8220;||||&#8220; use_border_color=&#8220;off&#8220; border_style=&#8220;solid&#8220; _builder_version=&#8220;3.8&#8243; \/][et_pb_contact_field field_title=&#8220;Prezime&#8220; field_type=&#8220;input&#8220; field_id=&#8220;Surname&#8220; required_mark=&#8220;on&#8220; fullwidth_field=&#8220;off&#8220; form_field_font_select=&#8220;default&#8220; form_field_font=&#8220;||||&#8220; use_border_color=&#8220;off&#8220; border_style=&#8220;solid&#8220; _builder_version=&#8220;3.8&#8243; \/][et_pb_contact_field field_id=&#8220;Adress&#8220; field_title=&#8220;Adresa&#8220; field_type=&#8220;input&#8220; required_mark=&#8220;on&#8220; fullwidth_field=&#8220;on&#8220; form_field_font_select=&#8220;default&#8220; form_field_font=&#8220;||||&#8220; use_border_color=&#8220;off&#8220; border_style=&#8220;solid&#8220; _builder_version=&#8220;3.8&#8243; \/][et_pb_contact_field field_id=&#8220;City&#8220; field_title=&#8220;Mesto&#8220; field_type=&#8220;input&#8220; required_mark=&#8220;on&#8220; fullwidth_field=&#8220;on&#8220; form_field_font_select=&#8220;default&#8220; form_field_font=&#8220;||||&#8220; use_border_color=&#8220;off&#8220; border_style=&#8220;solid&#8220; _builder_version=&#8220;3.8&#8243; \/][et_pb_contact_field field_id=&#8220;Mobilephone&#8220; field_title=&#8220;Mobilni telefon (primer: +3816xxxxxxx)&#8220; field_type=&#8220;input&#8220; required_mark=&#8220;on&#8220; fullwidth_field=&#8220;off&#8220; form_field_font_select=&#8220;default&#8220; form_field_font=&#8220;||||&#8220; use_border_color=&#8220;off&#8220; border_style=&#8220;solid&#8220; _builder_version=&#8220;3.8&#8243; \/][et_pb_contact_field field_title=&#8220;Email adresa&#8220; field_type=&#8220;email&#8220; field_id=&#8220;Email&#8220; required_mark=&#8220;on&#8220; fullwidth_field=&#8220;off&#8220; form_field_font_select=&#8220;default&#8220; form_field_font=&#8220;||||&#8220; use_border_color=&#8220;off&#8220; border_style=&#8220;solid&#8220; _builder_version=&#8220;3.8&#8243; \/][et_pb_contact_field field_id=&#8220;Professional_Qualifications_Level&#8220; field_title=&#8220;Stepen strucne spreme&#8220; field_type=&#8220;input&#8220; required_mark=&#8220;on&#8220; fullwidth_field=&#8220;on&#8220; form_field_font_select=&#8220;default&#8220; form_field_font=&#8220;||||&#8220; use_border_color=&#8220;off&#8220; border_style=&#8220;solid&#8220; _builder_version=&#8220;3.8&#8243; checkbox_checked=&#8220;off&#8220; checkbox_options=&#8220;%91{%22value%22:%22Stepen stru\u010dne spreme%22,%22checked%22:0}%93&#8243; radio_options=&#8220;%91{%22value%22:%22Stepen stru\u010dne spreme%22,%22checked%22:0}%93&#8243; select_options=&#8220;%91{%22value%22:%22Stepen stru\u010dne spreme%22,%22checked%22:0}%93&#8243; min_length=&#8220;0&#8243; max_length=&#8220;0&#8243; allowed_symbols=&#8220;all&#8220; conditional_logic=&#8220;off&#8220; conditional_logic_relation=&#8220;off&#8220; conditional_logic_rules=&#8220;%91{%22field%22:%22name%22,%22condition%22:%22is%22,%22value%22:%22%22}%93&#8243; use_background_color_gradient=&#8220;off&#8220; background_color_gradient_start=&#8220;#2b87da&#8220; background_color_gradient_end=&#8220;#29c4a9&#8243; background_color_gradient_type=&#8220;linear&#8220; background_color_gradient_direction=&#8220;180deg&#8220; background_color_gradient_direction_radial=&#8220;center&#8220; background_color_gradient_start_position=&#8220;0%&#8220; background_color_gradient_end_position=&#8220;100%&#8220; background_color_gradient_overlays_image=&#8220;off&#8220; parallax=&#8220;off&#8220; parallax_method=&#8220;on&#8220; background_size=&#8220;cover&#8220; background_position=&#8220;center&#8220; background_repeat=&#8220;no-repeat&#8220; background_blend=&#8220;normal&#8220; allow_player_pause=&#8220;off&#8220; background_video_pause_outside_viewport=&#8220;on&#8220; form_field_text_shadow_style=&#8220;none&#8220; border_radii=&#8220;on||||&#8220; box_shadow_style=&#8220;none&#8220; \/][et_pb_contact_field field_id=&#8220;Educational_Institution&#8220; field_title=&#8220;Zavrsena skola (obrazovna institucija)&#8220; field_type=&#8220;input&#8220; required_mark=&#8220;on&#8220; fullwidth_field=&#8220;on&#8220; form_field_font_select=&#8220;default&#8220; form_field_font=&#8220;||||&#8220; use_border_color=&#8220;off&#8220; border_style=&#8220;solid&#8220; _builder_version=&#8220;3.8&#8243; checkbox_checked=&#8220;off&#8220; checkbox_options=&#8220;%91{%22value%22:%22Zavr\u0161ena \u0161kola (obrazovna institucija)%22,%22checked%22:0}%93&#8243; radio_options=&#8220;%91{%22value%22:%22Zavr\u0161ena \u0161kola (obrazovna institucija)%22,%22checked%22:0}%93&#8243; select_options=&#8220;%91{%22value%22:%22Zavr\u0161ena \u0161kola (obrazovna institucija)%22,%22checked%22:0}%93&#8243; min_length=&#8220;0&#8243; max_length=&#8220;0&#8243; allowed_symbols=&#8220;all&#8220; conditional_logic=&#8220;off&#8220; conditional_logic_relation=&#8220;off&#8220; conditional_logic_rules=&#8220;%91{%22field%22:%22name%22,%22condition%22:%22is%22,%22value%22:%22%22}%93&#8243; use_background_color_gradient=&#8220;off&#8220; background_color_gradient_start=&#8220;#2b87da&#8220; background_color_gradient_end=&#8220;#29c4a9&#8243; background_color_gradient_type=&#8220;linear&#8220; background_color_gradient_direction=&#8220;180deg&#8220; background_color_gradient_direction_radial=&#8220;center&#8220; background_color_gradient_start_position=&#8220;0%&#8220; background_color_gradient_end_position=&#8220;100%&#8220; background_color_gradient_overlays_image=&#8220;off&#8220; parallax=&#8220;off&#8220; parallax_method=&#8220;on&#8220; background_size=&#8220;cover&#8220; background_position=&#8220;center&#8220; background_repeat=&#8220;no-repeat&#8220; background_blend=&#8220;normal&#8220; allow_player_pause=&#8220;off&#8220; background_video_pause_outside_viewport=&#8220;on&#8220; form_field_text_shadow_style=&#8220;none&#8220; border_radii=&#8220;on||||&#8220; box_shadow_style=&#8220;none&#8220; \/][et_pb_contact_field field_title=&#8220;Curriculum Vitae&#8220; field_type=&#8220;text&#8220; field_id=&#8220;CV&#8220; required_mark=&#8220;on&#8220; fullwidth_field=&#8220;on&#8220; form_field_font_select=&#8220;default&#8220; form_field_font=&#8220;||||&#8220; use_border_color=&#8220;off&#8220; border_style=&#8220;solid&#8220; _builder_version=&#8220;3.8&#8243; \/][\/et_pb_contact_form][\/et_pb_column][\/et_pb_row][\/et_pb_section]<\/p>\n","protected":false},"excerpt":{"rendered":"<p>Termovent SC je kompanija sa savremenim pristupom poslovanju koja posebnu pa\u017enju poklanja zaposlenima, najva\u017enijem \u010diniocu uspeha i ste\u010denog statusa vode\u0107eg regionalnog proizvo\u0111a\u010da industrijskih ventila u procesnoj industriji i termoenergetici. Kod nas, princip jednakih mogu\u0107nosti dosledno se po\u0161tuje prilikom zapo\u0161ljavanja, uz garanciju da su klju\u010dni faktori pri izboru kandidata i razvoju zaposlenih njihov profesionalizam, iskustvo i [&hellip;]<\/p>\n","protected":false},"author":1,"featured_media":0,"parent":0,"menu_order":0,"comment_status":"closed","ping_status":"closed","template":"","meta":{"_et_pb_use_builder":"on","_et_pb_old_content":"","_et_gb_content_width":"","footnotes":""},"class_list":["post-1303","page","type-page","status-publish","hentry"],"_links":{"self":[{"href":"https:\/\/termoventsc.rs\/srpski\/wp-json\/wp\/v2\/pages\/1303","targetHints":{"allow":["GET"]}}],"collection":[{"href":"https:\/\/termoventsc.rs\/srpski\/wp-json\/wp\/v2\/pages"}],"about":[{"href":"https:\/\/termoventsc.rs\/srpski\/wp-json\/wp\/v2\/types\/page"}],"author":[{"embeddable":true,"href":"https:\/\/termoventsc.rs\/srpski\/wp-json\/wp\/v2\/users\/1"}],"replies":[{"embeddable":true,"href":"https:\/\/termoventsc.rs\/srpski\/wp-json\/wp\/v2\/comments?post=1303"}],"version-history":[{"count":13,"href":"https:\/\/termoventsc.rs\/srpski\/wp-json\/wp\/v2\/pages\/1303\/revisions"}],"predecessor-version":[{"id":2648,"href":"https:\/\/termoventsc.rs\/srpski\/wp-json\/wp\/v2\/pages\/1303\/revisions\/2648"}],"wp:attachment":[{"href":"https:\/\/termoventsc.rs\/srpski\/wp-json\/wp\/v2\/media?parent=1303"}],"curies":[{"name":"wp","href":"https:\/\/api.w.org\/{rel}","templated":true}]}}