{"id":352,"date":"2017-03-29T14:13:53","date_gmt":"2017-03-29T12:13:53","guid":{"rendered":"http:\/\/studiomaximov.co.rs\/testpit\/tvt2017\/?page_id=352"},"modified":"2025-11-28T12:50:51","modified_gmt":"2025-11-28T11:50:51","slug":"quality-system","status":"publish","type":"page","link":"https:\/\/termoventsc.rs\/srpski\/quality-system\/","title":{"rendered":"Sertifikati"},"content":{"rendered":"<p>[et_pb_section fb_built=&#8220;1&#8243; fullwidth=&#8220;on&#8220; _builder_version=&#8220;4.16&#8243; global_colors_info=&#8220;{}&#8220;][et_pb_fullwidth_slider show_arrows=&#8220;off&#8220; show_pagination=&#8220;off&#8220; _builder_version=&#8220;4.16&#8243; parallax=&#8220;on&#8220; parallax_method=&#8220;on&#8220; custom_padding=&#8220;|||&#8220; custom_padding_tablet=&#8220;|||&#8220; custom_padding_phone=&#8220;|||&#8220; box_shadow_style=&#8220;preset6&#8243; box_shadow_blur=&#8220;10px&#8220; box_shadow_color=&#8220;rgba(0,0,0,0.1)&#8220; show_inner_shadow=&#8220;on&#8220; global_colors_info=&#8220;{}&#8220; button_text_size__hover_enabled=&#8220;off&#8220; button_one_text_size__hover_enabled=&#8220;off&#8220; button_two_text_size__hover_enabled=&#8220;off&#8220; button_text_color__hover_enabled=&#8220;off&#8220; button_one_text_color__hover_enabled=&#8220;off&#8220; button_two_text_color__hover_enabled=&#8220;off&#8220; button_border_width__hover_enabled=&#8220;off&#8220; button_one_border_width__hover_enabled=&#8220;off&#8220; button_two_border_width__hover_enabled=&#8220;off&#8220; button_border_color__hover_enabled=&#8220;off&#8220; button_one_border_color__hover_enabled=&#8220;off&#8220; button_two_border_color__hover_enabled=&#8220;off&#8220; button_border_radius__hover_enabled=&#8220;off&#8220; button_one_border_radius__hover_enabled=&#8220;off&#8220; button_two_border_radius__hover_enabled=&#8220;off&#8220; button_letter_spacing__hover_enabled=&#8220;off&#8220; button_one_letter_spacing__hover_enabled=&#8220;off&#8220; button_two_letter_spacing__hover_enabled=&#8220;off&#8220; button_bg_color__hover_enabled=&#8220;off&#8220; button_one_bg_color__hover_enabled=&#8220;off&#8220; button_two_bg_color__hover_enabled=&#8220;off&#8220;][et_pb_slide heading=&#8220;Sistem kvaliteta&#8220; use_bg_overlay=&#8220;off&#8220; use_text_overlay=&#8220;off&#8220; _builder_version=&#8220;4.16&#8243; header_font=&#8220;||||&#8220; body_font=&#8220;||||&#8220; background_color=&#8220;#ffffff&#8220; background_image=&#8220;https:\/\/termoventsc.rs\/srpski\/wp-content\/uploads\/2017\/03\/DSC_5768-24542-e1492510397957.jpg&#8220; button_icon_placement=&#8220;right&#8220; button_on_hover=&#8220;on&#8220; global_colors_info=&#8220;{}&#8220; button_text_size__hover_enabled=&#8220;off&#8220; button_one_text_size__hover_enabled=&#8220;off&#8220; button_two_text_size__hover_enabled=&#8220;off&#8220; button_text_color__hover_enabled=&#8220;off&#8220; button_one_text_color__hover_enabled=&#8220;off&#8220; button_two_text_color__hover_enabled=&#8220;off&#8220; button_border_width__hover_enabled=&#8220;off&#8220; button_one_border_width__hover_enabled=&#8220;off&#8220; button_two_border_width__hover_enabled=&#8220;off&#8220; button_border_color__hover_enabled=&#8220;off&#8220; button_one_border_color__hover_enabled=&#8220;off&#8220; button_two_border_color__hover_enabled=&#8220;off&#8220; button_border_radius__hover_enabled=&#8220;off&#8220; button_one_border_radius__hover_enabled=&#8220;off&#8220; button_two_border_radius__hover_enabled=&#8220;off&#8220; button_letter_spacing__hover_enabled=&#8220;off&#8220; button_one_letter_spacing__hover_enabled=&#8220;off&#8220; button_two_letter_spacing__hover_enabled=&#8220;off&#8220; button_bg_color__hover_enabled=&#8220;off&#8220; button_one_bg_color__hover_enabled=&#8220;off&#8220; button_two_bg_color__hover_enabled=&#8220;off&#8220; sticky_transition=&#8220;on&#8220;][\/et_pb_slide][\/et_pb_fullwidth_slider][\/et_pb_section][et_pb_section fb_built=&#8220;1&#8243; _builder_version=&#8220;4.16&#8243; global_colors_info=&#8220;{}&#8220;][et_pb_row column_structure=&#8220;1_3,1_3,1_3&#8243; admin_label=&#8220;row&#8220; _builder_version=&#8220;4.16&#8243; background_size=&#8220;initial&#8220; background_position=&#8220;top_left&#8220; background_repeat=&#8220;repeat&#8220; global_colors_info=&#8220;{}&#8220;][et_pb_column type=&#8220;1_3&#8243; _builder_version=&#8220;4.16&#8243; custom_padding=&#8220;|||&#8220; global_colors_info=&#8220;{}&#8220; custom_padding__hover=&#8220;|||&#8220;][et_pb_text _builder_version=&#8220;4.16&#8243; background_size=&#8220;initial&#8220; background_position=&#8220;top_left&#8220; background_repeat=&#8220;repeat&#8220; use_border_color=&#8220;off&#8220; border_color=&#8220;#ffffff&#8220; border_style=&#8220;solid&#8220; global_colors_info=&#8220;{}&#8220;]<\/p>\n<p class=\"\">Posebnu pa\u017enju posve\u0107ujemo primeni aktuelnih svetskih normi i standarda u razvoju sistema kvaliteta.<\/p>\n<p class=\"\">Unapre\u0111ujemo ga i odr\u017eavamo na visokom nivou uz aktivnu edukaciju.<\/p>\n<p>&nbsp;<\/p>\n<h3>Va\u017ee\u0107i sertifikati koje posedujemo su:<\/h3>\n<p>[\/et_pb_text][\/et_pb_column][et_pb_column type=&#8220;1_3&#8243; _builder_version=&#8220;4.16&#8243; custom_padding=&#8220;|||&#8220; global_colors_info=&#8220;{}&#8220; custom_padding__hover=&#8220;|||&#8220;][et_pb_blurb title=&#8220;T\u00dcV Rheinland&#8220; image=&#8220;https:\/\/termoventsc.rs\/srpski\/wp-content\/uploads\/2017\/03\/pasted-image-small-16283.png&#8220; image_icon_width=&#8220;55px&#8220; _builder_version=&#8220;4.27.4&#8243; header_line_height=&#8220;1.7em&#8220; background_size=&#8220;initial&#8220; background_position=&#8220;top_left&#8220; background_repeat=&#8220;repeat&#8220; text_orientation=&#8220;center&#8220; max_width_tablet=&#8220;50px&#8220; image_max_width=&#8220;55px&#8220; global_colors_info=&#8220;{}&#8220;]<\/p>\n<p><a href=\"http:\/\/termoventsc.rs\/english\/wp-content\/uploads\/2025\/01\/A-24-1004_Main_EN.pdf\" target=\"_blank\" rel=\"noopener noreferrer\">AD 2000<\/a><\/p>\n<p><a href=\"http:\/\/termoventsc.rs\/english\/wp-content\/uploads\/2025\/01\/A-24-1005_Main_EN_extsigned.pdf\">ISO 3834<\/a><\/p>\n<p><a href=\"http:\/\/termoventsc.rs\/english\/wp-content\/uploads\/2024\/03\/Q-14-5426.00_Main_EN_extsigned.pdf\" target=\"_blank\" rel=\"noopener noreferrer\">PED 2014\/68\/EU &#8211; Module H1<\/a><\/p>\n<p><a href=\"http:\/\/termoventsc.rs\/english\/wp-content\/uploads\/2024\/03\/Termovent-SC_2024_MS-0037317-E-010-E-Scope_signed.pdf\" rel=\"attachment wp-att-2708\">Annex<\/a><\/p>\n<p><a href=\"https:\/\/termoventsc.rs\/srpski\/wp-content\/uploads\/01-100-1334655_Main_SR-1.pdf\" target=\"_blank\" rel=\"noopener noreferrer\"><span>T\u00dcV Rheinland<\/span> ISO 9001-2015<\/a><\/p>\n<p>[\/et_pb_blurb][et_pb_divider show_divider=&#8220;off&#8220; disabled_on=&#8220;on|on|off&#8220; _builder_version=&#8220;4.16&#8243; global_colors_info=&#8220;{}&#8220;][\/et_pb_divider][et_pb_blurb title=&#8220;EurAsian Conformity&#8220; image=&#8220;https:\/\/termoventsc.rs\/srpski\/wp-content\/uploads\/2017\/03\/pasted-image-small-16277.png&#8220; image_icon_width=&#8220;40px&#8220; _builder_version=&#8220;4.23.4&#8243; header_line_height=&#8220;1.7em&#8220; background_size=&#8220;initial&#8220; background_position=&#8220;top_left&#8220; background_repeat=&#8220;repeat&#8220; text_orientation=&#8220;center&#8220; max_width_tablet=&#8220;50px&#8220; image_max_width=&#8220;40px&#8220; global_colors_info=&#8220;{}&#8220;]<\/p>\n<p>(Custom Union Technical Regulation)<\/p>\n<p><a href=\"http:\/\/termoventsc.rs\/english\/wp-content\/uploads\/2024\/02\/%D0%95%D0%90%D0%AD%D0%A1-N-RU-%D0%94-RS.%D0%A0%D0%9001.%D0%92.69521-24.pdf\" target=\"_blank\" rel=\"noopener noreferrer\">\u0422\u0420 \u0422\u0421 032\/2013<br \/>Izjava o usagla\u0161enosti<\/a><\/p>\n<p><a href=\"http:\/\/termoventsc.rs\/english\/wp-content\/uploads\/2024\/02\/SERTIFIKAT-RU-C-RS.BL08.B.01680-24.pdf\" target=\"_blank\" rel=\"noopener noreferrer\">\u0422\u0420 \u0422\u0421 032\/2013<br \/>Sertifikat<\/a><\/p>\n<p><a href=\"http:\/\/termoventsc.rs\/english\/wp-content\/uploads\/2024\/02\/%D0%95%D0%90%D0%AD%D0%A1-N-RU-%D0%94-RS.%D0%A0%D0%9001.%D0%92.62652-24.pdf\" target=\"_blank\" rel=\"noopener noreferrer\">TP TC 010\/2011<br \/>Izjava o usagla\u0161enosti \u2013 62652-24<\/a><\/p>\n<p><a href=\"http:\/\/termoventsc.rs\/english\/wp-content\/uploads\/2024\/02\/%D0%95%D0%90%D0%AD%D0%A1-N-RU-%D0%94-RS.%D0%A0%D0%9001.%D0%92.86700-24.pdf\" target=\"_blank\" rel=\"noopener noreferrer\">TP TC 010\/2011<br \/>Izjava o usagla\u0161enosti \u2013 86700-24<\/a><\/p>\n<p><a href=\"http:\/\/termoventsc.rs\/english\/wp-content\/uploads\/2017\/04\/EAC_%D0%A2%D0%A0_%D0%A2%D0%A1_-012-16.01.2021.pdf\" target=\"_blank\" rel=\"noopener noreferrer\">\u0422\u0420 \u0422\u0421 012\/2011<br \/>Sertifikat<\/a><\/p>\n<p>[\/et_pb_blurb][et_pb_divider show_divider=&#8220;off&#8220; disabled_on=&#8220;on|on|off&#8220; _builder_version=&#8220;4.16&#8243; global_colors_info=&#8220;{}&#8220;][\/et_pb_divider][\/et_pb_column][et_pb_column type=&#8220;1_3&#8243; _builder_version=&#8220;4.16&#8243; custom_padding=&#8220;|||&#8220; global_colors_info=&#8220;{}&#8220; custom_padding__hover=&#8220;|||&#8220;][et_pb_blurb title=&#8220;API (American Petroleum Institute)&#8220; image=&#8220;https:\/\/termoventsc.rs\/srpski\/wp-content\/uploads\/2017\/03\/pasted-image-small-16293.png&#8220; image_icon_width=&#8220;45px&#8220; disabled_on=&#8220;off|off|off&#8220; _builder_version=&#8220;4.27.4&#8243; header_line_height=&#8220;1.7em&#8220; background_size=&#8220;initial&#8220; background_position=&#8220;top_left&#8220; background_repeat=&#8220;repeat&#8220; text_orientation=&#8220;center&#8220; max_width_tablet=&#8220;50px&#8220; hover_enabled=&#8220;0&#8243; image_max_width=&#8220;45px&#8220; global_colors_info=&#8220;{}&#8220; sticky_enabled=&#8220;0&#8243;]<\/p>\n<p><a href=\"https:\/\/termoventsc.rs\/english\/wp-content\/uploads\/2025\/11\/Certificate-600-0096_20250829142831.pdf\" rel=\"attachment wp-att-2609\">API-600-0096<\/a><a href=\"http:\/\/termoventsc.rs\/english\/wp-content\/uploads\/2020\/04\/Certificate-602-0019_2020.pdf\" rel=\"attachment wp-att-2606\"><\/a><\/p>\n<p><a href=\"https:\/\/termoventsc.rs\/english\/wp-content\/uploads\/2025\/11\/Certificate-6A-1129_20250829142743.pdf\" rel=\"attachment wp-att-2607\">API-6A-1129<\/a><\/p>\n<p><a href=\"https:\/\/termoventsc.rs\/english\/wp-content\/uploads\/2025\/11\/Certificate-6D-1049_20250829142756.pdf\" rel=\"attachment wp-att-2608\">API-6D-1049<\/a><\/p>\n<p>[\/et_pb_blurb][et_pb_blurb title=&#8220;GOST (\u0413\u041e\u0421\u0422) Russia&#8220; image=&#8220;https:\/\/termoventsc.rs\/srpski\/wp-content\/uploads\/2017\/04\/RST.png&#8220; image_icon_width=&#8220;55px&#8220; disabled_on=&#8220;on|on|on&#8220; _builder_version=&#8220;4.16&#8243; header_line_height=&#8220;1.7em&#8220; background_size=&#8220;initial&#8220; background_position=&#8220;top_left&#8220; background_repeat=&#8220;repeat&#8220; text_orientation=&#8220;center&#8220; max_width_tablet=&#8220;50px&#8220; image_max_width=&#8220;55px&#8220; disabled=&#8220;on&#8220; global_colors_info=&#8220;{}&#8220;]<a href=\"https:\/\/termoventsc.rs\/srpski\/wp-content\/uploads\/2017\/04\/RFSS_GOST_C_RS_AI30_B_03985-valid_until_2018-02-12.pdf\" target=\"_blank\" rel=\"noopener noreferrer\">GOST RST C-RS.AI30.B.03985<\/a><\/p>\n<p><a href=\"https:\/\/termoventsc.rs\/srpski\/wp-content\/uploads\/2017\/04\/GOST-PPC-00-045951.pdf\" target=\"_blank\" rel=\"noopener noreferrer\">GOST PPC 045951<\/a><br \/>\n[\/et_pb_blurb][et_pb_divider show_divider=&#8220;off&#8220; disabled_on=&#8220;on|on|off&#8220; _builder_version=&#8220;4.16&#8243; global_colors_info=&#8220;{}&#8220;][\/et_pb_divider][et_pb_blurb title=&#8220;Belarus&#8220; image=&#8220;https:\/\/termoventsc.rs\/srpski\/wp-content\/uploads\/2017\/04\/belarus.png&#8220; image_icon_width=&#8220;55px&#8220; disabled_on=&#8220;on|on|on&#8220; _builder_version=&#8220;4.16&#8243; header_line_height=&#8220;1.7em&#8220; background_size=&#8220;initial&#8220; background_position=&#8220;top_left&#8220; background_repeat=&#8220;repeat&#8220; text_orientation=&#8220;center&#8220; max_width_tablet=&#8220;50px&#8220; image_max_width=&#8220;55px&#8220; disabled=&#8220;on&#8220; global_colors_info=&#8220;{}&#8220;]<a href=\"https:\/\/termoventsc.rs\/srpski\/wp-content\/uploads\/2017\/04\/certificate_Republic_Belaruss_valid_until_2018-03-03-01.pdf\" target=\"_blank\" rel=\"noopener noreferrer\">Cerificate Republic Belarus<\/a><br \/>\n[\/et_pb_blurb][\/et_pb_column][\/et_pb_row][\/et_pb_section][et_pb_section fb_built=&#8220;1&#8243; fullwidth=&#8220;on&#8220; _builder_version=&#8220;4.16&#8243; background_color=&#8220;#e5e5e5&#8243; global_colors_info=&#8220;{}&#8220;][et_pb_fullwidth_header title=&#8220;Kompanijske novosti&#8220; text_orientation=&#8220;center&#8220; content_max_width=&#8220;none&#8220; _builder_version=&#8220;4.16&#8243; background_color=&#8220;rgba(255, 255, 255, 0)&#8220; background_layout=&#8220;light&#8220; global_colors_info=&#8220;{}&#8220; button_one_text_size__hover_enabled=&#8220;off&#8220; button_two_text_size__hover_enabled=&#8220;off&#8220; button_one_text_color__hover_enabled=&#8220;off&#8220; button_two_text_color__hover_enabled=&#8220;off&#8220; button_one_border_width__hover_enabled=&#8220;off&#8220; button_two_border_width__hover_enabled=&#8220;off&#8220; button_one_border_color__hover_enabled=&#8220;off&#8220; button_two_border_color__hover_enabled=&#8220;off&#8220; button_one_border_radius__hover_enabled=&#8220;off&#8220; button_two_border_radius__hover_enabled=&#8220;off&#8220; button_one_letter_spacing__hover_enabled=&#8220;off&#8220; button_two_letter_spacing__hover_enabled=&#8220;off&#8220; button_one_bg_color__hover_enabled=&#8220;off&#8220; button_two_bg_color__hover_enabled=&#8220;off&#8220;][\/et_pb_fullwidth_header][et_pb_fullwidth_post_slider posts_number=&#8220;3&#8243; include_categories=&#8220;2&#8243; use_manual_excerpt=&#8220;off&#8220; show_meta=&#8220;off&#8220; show_image=&#8220;off&#8220; use_text_overlay=&#8220;off&#8220; _builder_version=&#8220;4.16&#8243; header_font_size=&#8220;36&#8243; background_color=&#8220;#f5f5f5&#8243; background_layout=&#8220;light&#8220; custom_padding=&#8220;|||&#8220; custom_padding_tablet=&#8220;|||&#8220; custom_padding_phone=&#8220;|||&#8220; box_shadow_style=&#8220;preset6&#8243; box_shadow_blur=&#8220;10px&#8220; box_shadow_color=&#8220;rgba(0,0,0,0.1)&#8220; show_inner_shadow=&#8220;on&#8220; global_colors_info=&#8220;{}&#8220; button_text_size__hover_enabled=&#8220;off&#8220; button_one_text_size__hover_enabled=&#8220;off&#8220; button_two_text_size__hover_enabled=&#8220;off&#8220; button_text_color__hover_enabled=&#8220;off&#8220; button_one_text_color__hover_enabled=&#8220;off&#8220; button_two_text_color__hover_enabled=&#8220;off&#8220; button_border_width__hover_enabled=&#8220;off&#8220; button_one_border_width__hover_enabled=&#8220;off&#8220; button_two_border_width__hover_enabled=&#8220;off&#8220; button_border_color__hover_enabled=&#8220;off&#8220; button_one_border_color__hover_enabled=&#8220;off&#8220; button_two_border_color__hover_enabled=&#8220;off&#8220; button_border_radius__hover_enabled=&#8220;off&#8220; button_one_border_radius__hover_enabled=&#8220;off&#8220; button_two_border_radius__hover_enabled=&#8220;off&#8220; button_letter_spacing__hover_enabled=&#8220;off&#8220; button_one_letter_spacing__hover_enabled=&#8220;off&#8220; button_two_letter_spacing__hover_enabled=&#8220;off&#8220; button_bg_color__hover_enabled=&#8220;off&#8220; button_one_bg_color__hover_enabled=&#8220;off&#8220; button_two_bg_color__hover_enabled=&#8220;off&#8220;][\/et_pb_fullwidth_post_slider][\/et_pb_section]<\/p>\n","protected":false},"excerpt":{"rendered":"<p>Posebnu pa\u017enju posve\u0107ujemo primeni aktuelnih svetskih normi i standarda u razvoju sistema kvaliteta. Unapre\u0111ujemo ga i odr\u017eavamo na visokom nivou uz aktivnu edukaciju. &nbsp; Va\u017ee\u0107i sertifikati koje posedujemo su: AD 2000 ISO 3834 PED 2014\/68\/EU &#8211; Module H1 Annex T\u00dcV Rheinland ISO 9001-2015(Custom Union Technical Regulation) \u0422\u0420 \u0422\u0421 032\/2013Izjava o usagla\u0161enosti \u0422\u0420 \u0422\u0421 032\/2013Sertifikat TP [&hellip;]<\/p>\n","protected":false},"author":1,"featured_media":0,"parent":0,"menu_order":0,"comment_status":"closed","ping_status":"closed","template":"","meta":{"_et_pb_use_builder":"on","_et_pb_old_content":"<p>We pay special attention to the application of current international rules and standards in quality system development. We keep improving and maintaining a high level of the quality system through active education.<\/p><p>We have the following valid certificates:<\/p><p>\u00a0<\/p><p>\u00a0<\/p>","_et_gb_content_width":"","footnotes":""},"class_list":["post-352","page","type-page","status-publish","hentry"],"_links":{"self":[{"href":"https:\/\/termoventsc.rs\/srpski\/wp-json\/wp\/v2\/pages\/352","targetHints":{"allow":["GET"]}}],"collection":[{"href":"https:\/\/termoventsc.rs\/srpski\/wp-json\/wp\/v2\/pages"}],"about":[{"href":"https:\/\/termoventsc.rs\/srpski\/wp-json\/wp\/v2\/types\/page"}],"author":[{"embeddable":true,"href":"https:\/\/termoventsc.rs\/srpski\/wp-json\/wp\/v2\/users\/1"}],"replies":[{"embeddable":true,"href":"https:\/\/termoventsc.rs\/srpski\/wp-json\/wp\/v2\/comments?post=352"}],"version-history":[{"count":45,"href":"https:\/\/termoventsc.rs\/srpski\/wp-json\/wp\/v2\/pages\/352\/revisions"}],"predecessor-version":[{"id":3027,"href":"https:\/\/termoventsc.rs\/srpski\/wp-json\/wp\/v2\/pages\/352\/revisions\/3027"}],"wp:attachment":[{"href":"https:\/\/termoventsc.rs\/srpski\/wp-json\/wp\/v2\/media?parent=352"}],"curies":[{"name":"wp","href":"https:\/\/api.w.org\/{rel}","templated":true}]}}